d 399.
21
What is the highest common factor of 1989 and 2171?
13
Calculate the highest common factor of 2335 and 42964.
467
Calculate the highest common divisor of 8249 and 657.
73
What is the highest common divisor of 110 and 3982?
22
Calculate the highest common divisor of 15 and 220755.
15
Calculate the greatest common factor of 9568 and 230.
46
Calculate the highest common factor of 5750 and 72350.
50
Calculate the greatest common factor of 94575 and 1872.
39
Calculate the highest common divisor of 814 and 2812.
74
What is the highest common factor of 66 and 41085?
33
What is the greatest common factor of 785 and 80384?
157
Calculate the greatest common factor of 72 and 5058.
18
What is the highest common divisor of 117 and 327249?
117
What is the highest common factor of 249275 and 650?
325
What is the greatest common factor of 795774 and 154?
14
Calculate the highest common divisor of 98 and 43862.
14
Calculate the highest common factor of 67365 and 77844.
1497
What is the highest common divisor of 192 and 1248?
96
What is the greatest common factor of 2800 and 7792?
16
What is the highest common divisor of 2577 and 6?
3
Calculate the highest common divisor of 5532880 and 92.
92
Calculate the greatest common factor of 199 and 605756.
199
What is the highest common divisor of 25260 and 660?
60
What is the highest common factor of 57 and 599393?
19
What is the greatest common divisor of 3914 and 13984?
38
What is the greatest common divisor of 2295920 and 55?
55
What is the greatest common factor of 348779 and 1?
1
What is the highest common factor of 66656 and 128?
32
Calculate the highest common divisor of 2118302 and 34.
34
Calculate the greatest common factor of 304 and 55252.
76
Calculate the greatest common divisor of 31 and 3149817.
31
What is the highest common factor of 88 and 2945888?
88
Calculate the highest common factor of 7126 and 15764.
14
What is the highest common factor of 332443 and 38?
19
What is the highest common divisor of 39 and 1037790?
39
What is the greatest common factor of 3593453 and 53?
53
Calculate the highest common divisor of 524 and 1195637.
131
What is the greatest common divisor of 560 and 1030?
10
Calculate the highest common divisor of 101866 and 954.
106
Calculate the greatest common divisor of 2731168 and 2112.
352
Calculate the greatest common factor of 2599 and 43957.
113
What is the greatest common divisor of 154055 and 110?
55
Calculate the highest common divisor of 12432 and 588.
84
What is the greatest common factor of 15 and 294600?
15
What is the highest common factor of 24638 and 2540?
254
Calculate the greatest common factor of 735 and 32340.
735
What is the greatest common factor of 36957 and 1524?
381
What is the greatest common factor of 10024 and 952?
56
What is the greatest common divisor of 1742390 and 20?
10
Calculate the highest common factor of 122 and 71370.
122
What is the greatest common divisor of 72 and 32?
8
What is the greatest common factor of 83501 and 11?
11
Calculate the greatest common divisor of 189244 and 759.
253
What is the highest common factor of 9248 and 1802?
34
Calculate the greatest common factor of 3588226 and 57.
19
Calculate the highest common factor of 101713 and 185.
37
Calculate the greatest common factor of 7606 and 16.
2
Calculate the highest common factor of 2061 and 1515522.
687
Calculate the greatest common factor of 30 and 786.
6
What is the highest common divisor of 413 and 6431?
59
What is the highest common divisor of 92565 and 29359?
187
Calculate the greatest common factor of 42319 and 303.
101
What is the highest common divisor of 391 and 10534?
23
What is the highest common factor of 70741 and 218?
109
What is the greatest common factor of 155 and 14215?
5
What is the greatest common factor of 3480 and 5880?
120
What is the highest common factor of 40227 and 264?
33
Calculate the greatest common factor of 128 and 38832.
16
What is the highest common divisor of 39517 and 1247?
43
Calculate the highest common factor of 32 and 1904.
16
What is the highest common factor of 47979 and 135?
27
What is the greatest common divisor of 2809 and 1961?
53
Calculate the greatest common divisor of 1188 and 10494.
198
Calculate the highest common factor of 280 and 1900780.
140
Calculate the greatest common divisor of 342 and 774.
18
Calculate the highest common divisor of 65 and 303771.
13
What is the highest common factor of 133974 and 1458?
162
Calculate the greatest common divisor of 49 and 31213.
49
Calculate the highest common factor of 208 and 31226.
26
What is the highest common divisor of 315 and 187908?
21
What is the highest common factor of 378038 and 4?
2
Calculate the highest common divisor of 5000 and 168125.
625
Calculate the greatest common factor of 57817 and 20672.
323
What is the highest common divisor of 17562 and 174?
6
Calculate the highest common divisor of 83325 and 165.
165
Calculate the highest common factor of 34 and 197659.
17
What is the greatest common factor of 757640 and 282?
94
What is the highest common divisor of 160356 and 14?
14
Calculate the greatest common factor of 636 and 276.
12
Calculate the highest common factor of 461250 and 54.
18
Calculate the greatest common factor of 49048 and 48.
8
What is the highest common factor of 23275 and 7600?
475
What is the greatest common factor of 7812 and 216?
36
Calculate the highest common factor of 44354 and 134.
134
What is the highest common factor of 14047 and 187?
11
What is the highest common factor of 9 and 16232058?
9
What is the greatest common factor of 2368 and 1600?
64
Calculate the greatest common factor of 10449 and 301.
43
What is the highest common factor of 893970 and 270?
270
What is the greatest common factor of 1624 and 218792?
56
What is the highest common factor of 257440 and 320?
160
Calculate the highest common divisor of 302296 and 116.
116
Calculate the greatest common factor of 1128 and 16764.
12
What is the greatest common divisor of 9483 and 44457?
87
Calculate the highest common factor of 18012 and 171.
57
What is the highest common factor of 9823 and 18392?
209
What is the greatest common divisor of 130 and 740?
10
Calculate the highest common divisor of 688 and 519096.
344
Calculate the highest common divisor of 21 and 902041.
7
Calculate the greatest common factor of 69 and 3837.
3
Calculate the highest common factor of 535600 and 1170.
130
Calculate the greatest common factor of 80 and 272512.
16
Calculate the greatest common divisor of 1840840 and 56.
8
Calculate the highest common factor of 388750 and 622.
622
What is the highest common divisor of 62371 and 4171?
97
What is the highest common divisor of 538330 and 182?
26
What is the highest common factor of 754837 and 3548?
887
Calculate the greatest common factor of 84036 and 564.
564
What is the highest common factor of 482 and 2062?
2
What is the greatest common divisor of 783 and 570633?
87
What is the highest common factor of 255 and 232560?
255
Calculate the greatest common divisor of 31 and 45663.
31
Calculate the highest common divisor of 298948 and 156.
52
Calculate the highest common divisor of 30 and 229640.
10
Calculate the greatest common factor of 4257 and 162927.
387
What is the greatest common divisor of 3230 and 4930?
170
Calculate the greatest common divisor of 490 and 45178.
98
Calculate the highest common factor of 8551467 and 734.
367
Calculate the highest common divisor of 11115 and 69825.
285
Calculate the highest common divisor of 204374 and 34.
34
What is the greatest common divisor of 9434 and 14507?
89
Calculate the greatest common factor of 231 and 194073.
33
Calculate the highest common divisor of 1196 and 268962.
46
Calculate the greatest common factor of 2356 and 170221.
589
Calculate the highest common factor of 1950 and 465.
15
Calculate the greatest common factor of 30173 and 2574.
143
What is the greatest common divisor of 75383 and 5696?
89
Calculate the highest common divisor of 161271 and 2353.
181
Calculate the highest common divisor of 1614 and 406459.
269
Calculate the greatest common divisor of 16244 and 236324.
524
Calculate the highest common factor of 8874 and 41922.
306
Calculate the greatest common factor of 1015038 and 54.
54
What is the 